{"id":506,"date":"2022-06-02T19:46:05","date_gmt":"2022-06-02T19:46:05","guid":{"rendered":"https:\/\/tirofederalgualeguay.com.ar\/?page_id=506"},"modified":"2022-06-03T19:09:58","modified_gmt":"2022-06-03T19:09:58","slug":"servicios","status":"publish","type":"page","link":"https:\/\/tirofederalgualeguay.com.ar\/?page_id=506","title":{"rendered":"Servicios"},"content":{"rendered":"\t\t<div data-elementor-type=\"wp-page\" data-elementor-id=\"506\" class=\"elementor elementor-506\">\n\t\t\t\t\t\t\t\t\t<section class=\"elementor-section elementor-top-section elementor-element elementor-element-425fa90 elementor-section-boxed elementor-section-height-default elementor-section-height-default\" data-id=\"425fa90\" data-element_type=\"section\">\n\t\t\t\t\t\t<div class=\"elementor-container elementor-column-gap-default\">\n\t\t\t\t\t<div class=\"elementor-column elementor-col-100 elementor-top-column elementor-element elementor-element-5b873b3\" data-id=\"5b873b3\" data-element_type=\"column\">\n\t\t\t<div class=\"elementor-widget-wrap elementor-element-populated\">\n\t\t\t\t\t\t\t\t<div class=\"elementor-element elementor-element-768bf78 elementor-view-default elementor-widget elementor-widget-icon\" data-id=\"768bf78\" data-element_type=\"widget\" data-widget_type=\"icon.default\">\n\t\t\t\t<div class=\"elementor-widget-container\">\n\t\t\t\t\t<div class=\"elementor-icon-wrapper\">\n\t\t\t<div class=\"elementor-icon\">\n\t\t\t<i aria-hidden=\"true\" class=\"far fa-clock\"><\/i>\t\t\t<\/div>\n\t\t<\/div>\n\t\t\t\t<\/div>\n\t\t\t\t<\/div>\n\t\t\t\t<div class=\"elementor-element elementor-element-8f4fb8c elementor-widget elementor-widget-text-editor\" data-id=\"8f4fb8c\" data-element_type=\"widget\" data-widget_type=\"text-editor.default\">\n\t\t\t\t<div class=\"elementor-widget-container\">\n\t\t\t<style>\/*! elementor - v3.6.5 - 27-04-2022 *\/\n.elementor-widget-text-editor.elementor-drop-cap-view-stacked .elementor-drop-cap{background-color:#818a91;color:#fff}.elementor-widget-text-editor.elementor-drop-cap-view-framed .elementor-drop-cap{color:#818a91;border:3px solid;background-color:transparent}.elementor-widget-text-editor:not(.elementor-drop-cap-view-default) .elementor-drop-cap{margin-top:8px}.elementor-widget-text-editor:not(.elementor-drop-cap-view-default) .elementor-drop-cap-letter{width:1em;height:1em}.elementor-widget-text-editor .elementor-drop-cap{float:left;text-align:center;line-height:1;font-size:50px}.elementor-widget-text-editor .elementor-drop-cap-letter{display:inline-block}<\/style>\t\t\t\t<p>horarios<strong> del pol\u00edgono<\/strong><\/p><p>Pol\u00edgono habilitado\u00a0 para armas cortas y armas largas hasta calibre 22 LR, armas de PCP. CO2 y aire comprimido.<\/p><p>Mi\u00e9rcoles de 17:00 a 19:00 horas <br \/>S\u00e1bados de 15:00 a 19:00 horas<br \/>Domingos de 10:00 a 12:00 horas<\/p><p><strong>Escuela de tiro<br \/><\/strong>Para todas las edades, a partir de los 9 a\u00f1os. Gratis para los socios.<br \/>Mi\u00e9rcoles de 18:00 a 19:00 horas<\/p><p><strong>Arquer\u00eda<\/strong><br \/>S\u00e1bados de 15:00 a 18:00 horas<\/p><p><strong>Escuela de f\u00fatbol femenino<\/strong><br \/><span style=\"font-style: inherit; font-weight: inherit; background-color: var(--ast-global-color-4); color: var(--ast-global-color-3);\">Categorias juvenil e Intermedia (10-11-12-13-14-15-16-17-18 a\u00f1os) lunes mi\u00e9rcoles y viernes 17.30<br \/><\/span><span style=\"font-style: inherit; font-weight: inherit; background-color: var(--ast-global-color-4); color: var(--ast-global-color-3);\">Categor\u00eda infantil (5-6-7-8-9 a\u00f1os) martes jueves y viernes 17.30<\/span><span style=\"font-style: inherit; font-weight: inherit; background-color: var(--ast-global-color-4); color: var(--ast-global-color-3);\"><br \/><\/span><\/p>\t\t\t\t\t\t<\/div>\n\t\t\t\t<\/div>\n\t\t\t\t\t<\/div>\n\t\t<\/div>\n\t\t\t\t\t\t\t<\/div>\n\t\t<\/section>\n\t\t\t\t<section class=\"elementor-section elementor-top-section elementor-element elementor-element-889adc8 elementor-section-boxed elementor-section-height-default elementor-section-height-default\" data-id=\"889adc8\" data-element_type=\"section\">\n\t\t\t\t\t\t<div class=\"elementor-container elementor-column-gap-default\">\n\t\t\t\t\t<div class=\"elementor-column elementor-col-16 elementor-top-column elementor-element elementor-element-4b69252\" data-id=\"4b69252\" data-element_type=\"column\">\n\t\t\t<div class=\"elementor-widget-wrap elementor-element-populated\">\n\t\t\t\t\t\t\t\t<div class=\"elementor-element elementor-element-d9d1b09 elementor-widget elementor-widget-image\" data-id=\"d9d1b09\" data-element_type=\"widget\" data-widget_type=\"image.default\">\n\t\t\t\t<div class=\"elementor-widget-container\">\n\t\t\t<style>\/*! elementor - v3.6.5 - 27-04-2022 *\/\n.elementor-widget-image{text-align:center}.elementor-widget-image a{display:inline-block}.elementor-widget-image a img[src$=\".svg\"]{width:48px}.elementor-widget-image img{vertical-align:middle;display:inline-block}<\/style>\t\t\t\t\t\t\t\t\t\t\t\t<img width=\"768\" height=\"1024\" src=\"https:\/\/tirofederalgualeguay.com.ar\/wp-content\/uploads\/2022\/05\/20210502_094147-768x1024.jpg\" class=\"attachment-large size-large\" alt=\"\" loading=\"lazy\" srcset=\"https:\/\/tirofederalgualeguay.com.ar\/wp-content\/uploads\/2022\/05\/20210502_094147-768x1024.jpg 768w, https:\/\/tirofederalgualeguay.com.ar\/wp-content\/uploads\/2022\/05\/20210502_094147-225x300.jpg 225w, https:\/\/tirofederalgualeguay.com.ar\/wp-content\/uploads\/2022\/05\/20210502_094147-1152x1536.jpg 1152w, https:\/\/tirofederalgualeguay.com.ar\/wp-content\/uploads\/2022\/05\/20210502_094147-1536x2048.jpg 1536w, https:\/\/tirofederalgualeguay.com.ar\/wp-content\/uploads\/2022\/05\/20210502_094147-scaled.jpg 1920w\" sizes=\"(max-width: 768px) 100vw, 768px\" \/>\t\t\t\t\t\t\t\t\t\t\t\t\t\t\t<\/div>\n\t\t\t\t<\/div>\n\t\t\t\t\t<\/div>\n\t\t<\/div>\n\t\t\t\t<div class=\"elementor-column elementor-col-66 elementor-top-column elementor-element elementor-element-79ff837\" data-id=\"79ff837\" data-element_type=\"column\">\n\t\t\t<div class=\"elementor-widget-wrap elementor-element-populated\">\n\t\t\t\t\t\t\t\t<div class=\"elementor-element elementor-element-5bc4c8f elementor-widget elementor-widget-image\" data-id=\"5bc4c8f\" data-element_type=\"widget\" data-widget_type=\"image.default\">\n\t\t\t\t<div class=\"elementor-widget-container\">\n\t\t\t\t\t\t\t\t\t\t\t\t\t\t\t<img width=\"960\" height=\"540\" src=\"https:\/\/tirofederalgualeguay.com.ar\/wp-content\/uploads\/2022\/06\/IMG-20210919-WA0018.jpg\" class=\"attachment-large size-large\" alt=\"\" loading=\"lazy\" srcset=\"https:\/\/tirofederalgualeguay.com.ar\/wp-content\/uploads\/2022\/06\/IMG-20210919-WA0018.jpg 960w, https:\/\/tirofederalgualeguay.com.ar\/wp-content\/uploads\/2022\/06\/IMG-20210919-WA0018-300x169.jpg 300w, https:\/\/tirofederalgualeguay.com.ar\/wp-content\/uploads\/2022\/06\/IMG-20210919-WA0018-768x432.jpg 768w\" sizes=\"(max-width: 960px) 100vw, 960px\" \/>\t\t\t\t\t\t\t\t\t\t\t\t\t\t\t<\/div>\n\t\t\t\t<\/div>\n\t\t\t\t\t<\/div>\n\t\t<\/div>\n\t\t\t\t<div class=\"elementor-column elementor-col-16 elementor-top-column elementor-element elementor-element-aa2b393\" data-id=\"aa2b393\" data-element_type=\"column\">\n\t\t\t<div class=\"elementor-widget-wrap elementor-element-populated\">\n\t\t\t\t\t\t\t\t<div class=\"elementor-element elementor-element-fc81f7e elementor-widget elementor-widget-image\" data-id=\"fc81f7e\" data-element_type=\"widget\" data-widget_type=\"image.default\">\n\t\t\t\t<div class=\"elementor-widget-container\">\n\t\t\t\t\t\t\t\t\t\t\t\t\t\t\t<img width=\"768\" height=\"1365\" src=\"https:\/\/tirofederalgualeguay.com.ar\/wp-content\/uploads\/2022\/05\/IMG-20210512-WA0015-768x1365.jpeg\" class=\"attachment-medium_large size-medium_large\" alt=\"\" loading=\"lazy\" srcset=\"https:\/\/tirofederalgualeguay.com.ar\/wp-content\/uploads\/2022\/05\/IMG-20210512-WA0015-768x1365.jpeg 768w, https:\/\/tirofederalgualeguay.com.ar\/wp-content\/uploads\/2022\/05\/IMG-20210512-WA0015-169x300.jpeg 169w, https:\/\/tirofederalgualeguay.com.ar\/wp-content\/uploads\/2022\/05\/IMG-20210512-WA0015-576x1024.jpeg 576w, https:\/\/tirofederalgualeguay.com.ar\/wp-content\/uploads\/2022\/05\/IMG-20210512-WA0015-864x1536.jpeg 864w, https:\/\/tirofederalgualeguay.com.ar\/wp-content\/uploads\/2022\/05\/IMG-20210512-WA0015-1152x2048.jpeg 1152w, https:\/\/tirofederalgualeguay.com.ar\/wp-content\/uploads\/2022\/05\/IMG-20210512-WA0015-scaled.jpeg 1440w\" sizes=\"(max-width: 768px) 100vw, 768px\" \/>\t\t\t\t\t\t\t\t\t\t\t\t\t\t\t<\/div>\n\t\t\t\t<\/div>\n\t\t\t\t\t<\/div>\n\t\t<\/div>\n\t\t\t\t\t\t\t<\/div>\n\t\t<\/section>\n\t\t\t\t\t\t\t<\/div>\n\t\t","protected":false},"excerpt":{"rendered":"<p>horarios del pol\u00edgono Pol\u00edgono habilitado\u00a0 para armas cortas y armas largas hasta calibre 22 LR, armas de PCP. CO2 y aire comprimido. Mi\u00e9rcoles de 17:00 a 19:00 horas S\u00e1bados de 15:00 a 19:00 horasDomingos de 10:00 a 12:00 horas Escuela de tiroPara todas las edades, a partir de los 9 a\u00f1os. Gratis para los socios.Mi\u00e9rcoles &hellip;<\/p>\n<p class=\"read-more\"> <a class=\"\" href=\"https:\/\/tirofederalgualeguay.com.ar\/?page_id=506\"> <span class=\"screen-reader-text\">Servicios<\/span> Read More &raquo;<\/a><\/p>\n","protected":false},"author":2,"featured_media":0,"parent":0,"menu_order":0,"comment_status":"closed","ping_status":"closed","template":"","meta":{"om_disable_all_campaigns":false,"_monsterinsights_skip_tracking":false,"_monsterinsights_sitenote_active":false,"_monsterinsights_sitenote_note":"","_monsterinsights_sitenote_category":0,"site-sidebar-layout":"no-sidebar","site-content-layout":"page-builder","ast-global-header-display":"","ast-main-header-display":"","ast-hfb-above-header-display":"","ast-hfb-below-header-display":"","ast-hfb-mobile-header-display":"","site-post-title":"disabled","ast-breadcrumbs-content":"","ast-featured-img":"disabled","footer-sml-layout":"","theme-transparent-header-meta":"","adv-header-id-meta":"","stick-header-meta":"","header-above-stick-meta":"","header-main-stick-meta":"","header-below-stick-meta":""},"_links":{"self":[{"href":"https:\/\/tirofederalgualeguay.com.ar\/index.php?rest_route=\/wp\/v2\/pages\/506"}],"collection":[{"href":"https:\/\/tirofederalgualeguay.com.ar\/index.php?rest_route=\/wp\/v2\/pages"}],"about":[{"href":"https:\/\/tirofederalgualeguay.com.ar\/index.php?rest_route=\/wp\/v2\/types\/page"}],"author":[{"embeddable":true,"href":"https:\/\/tirofederalgualeguay.com.ar\/index.php?rest_route=\/wp\/v2\/users\/2"}],"replies":[{"embeddable":true,"href":"https:\/\/tirofederalgualeguay.com.ar\/index.php?rest_route=%2Fwp%2Fv2%2Fcomments&post=506"}],"version-history":[{"count":13,"href":"https:\/\/tirofederalgualeguay.com.ar\/index.php?rest_route=\/wp\/v2\/pages\/506\/revisions"}],"predecessor-version":[{"id":594,"href":"https:\/\/tirofederalgualeguay.com.ar\/index.php?rest_route=\/wp\/v2\/pages\/506\/revisions\/594"}],"wp:attachment":[{"href":"https:\/\/tirofederalgualeguay.com.ar\/index.php?rest_route=%2Fwp%2Fv2%2Fmedia&parent=506"}],"curies":[{"name":"wp","href":"https:\/\/api.w.org\/{rel}","templated":true}]}}